{"version":"1.0","provider_name":"Feminissima","provider_url":"https:\/\/feminissima.de","author_name":"fem","author_url":"https:\/\/feminissima.de\/index.php\/author\/fem\/","title":"Der 13. August. Eingeschwei\u00dft ins Sein wie sp\u00e4ter 9\/11... - Feminissima","type":"rich","width":600,"height":338,"html":"<blockquote class=\"wp-embedded-content\" data-secret=\"AS2DCfMdLu\"><a href=\"https:\/\/feminissima.de\/index.php\/2022\/08\/14\/der-13-august-war-gestern\/\">Der 13. August. Eingeschwei\u00dft ins Sein wie sp\u00e4ter 9\/11&#8230;<\/a><\/blockquote><iframe sandbox=\"allow-scripts\" security=\"restricted\" src=\"https:\/\/feminissima.de\/index.php\/2022\/08\/14\/der-13-august-war-gestern\/embed\/#?secret=AS2DCfMdLu\" width=\"600\" height=\"338\" title=\"&#8222;Der 13. August. Eingeschwei\u00dft ins Sein wie sp\u00e4ter 9\/11&#8230;&#8220; &#8211; Feminissima\" data-secret=\"AS2DCfMdLu\" frameborder=\"0\" marginwidth=\"0\" marginheight=\"0\" scrolling=\"no\" class=\"wp-embedded-content\"><\/iframe><script>\n\/*! This file is auto-generated *\/\n!function(d,l){\"use strict\";l.querySelector&&d.addEventListener&&\"undefined\"!=typeof URL&&(d.wp=d.wp||{},d.wp.receiveEmbedMessage||(d.wp.receiveEmbedMessage=function(e){var t=e.data;if((t||t.secret||t.message||t.value)&&!\/[^a-zA-Z0-9]\/.test(t.secret)){for(var s,r,n,a=l.querySelectorAll('iframe[data-secret=\"'+t.secret+'\"]'),o=l.querySelectorAll('blockquote[data-secret=\"'+t.secret+'\"]'),c=new RegExp(\"^https?:$\",\"i\"),i=0;i<o.length;i++)o[i].style.display=\"none\";for(i=0;i<a.length;i++)s=a[i],e.source===s.contentWindow&&(s.removeAttribute(\"style\"),\"height\"===t.message?(1e3<(r=parseInt(t.value,10))?r=1e3:~~r<200&&(r=200),s.height=r):\"link\"===t.message&&(r=new URL(s.getAttribute(\"src\")),n=new URL(t.value),c.test(n.protocol))&&n.host===r.host&&l.activeElement===s&&(d.top.location.href=t.value))}},d.addEventListener(\"message\",d.wp.receiveEmbedMessage,!1),l.addEventListener(\"DOMContentLoaded\",function(){for(var e,t,s=l.querySelectorAll(\"iframe.wp-embedded-content\"),r=0;r<s.length;r++)(t=(e=s[r]).getAttribute(\"data-secret\"))||(t=Math.random().toString(36).substring(2,12),e.src+=\"#?secret=\"+t,e.setAttribute(\"data-secret\",t)),e.contentWindow.postMessage({message:\"ready\",secret:t},\"*\")},!1)))}(window,document);\n\/\/# sourceURL=https:\/\/feminissima.de\/wp-includes\/js\/wp-embed.min.js\n<\/script>\n","description":"du wei\u00dft genau, wo du warst&#8230; in jenem Sommer.. Wir als Teenager mit Familie an der Costa Brava. Von einer Sekunde auf die andere erstarb unser Lachen. Drehten wir das Transsitorradio auf leise. 1961 bleibt. Nichts verblichen. Nichts verblasst. Doch mit dem Abstand w\u00e4chst f\u00fcr andere die Verkl\u00e4rung&#8230; Bau der MAUER &#8230; Trennung&#8230; Sonntag schon&hellip; Ohne Titel weiterlesen"}

Der 13. August. Eingeschweißt ins Sein wie später 9/11... - Feminissima

<blockquote class="wp-embedded-content" data-secret="AS2DCfMdLu"><a href="https://feminissima.de/index.php/2022/08/14/der-13-august-war-gestern/">Der 13. August. Eingeschweißt ins Sein wie später 9/11&#8230;</a></blockquote><iframe sandbox="allow-scripts" security="restricted" src="https://feminissima.de/index.php/2022/08/14/der-13-august-war-gestern/embed/#?secret=AS2DCfMdLu" width="600" height="338" title="&#8222;Der 13. August. Eingeschweißt ins Sein wie später 9/11&#8230;&#8220; &#8211; Feminissima" data-secret="AS2DCfMdLu" frameborder="0" marginwidth="0" marginheight="0" scrolling="no" class="wp-embedded-content"></iframe><script>
/*! This file is auto-generated */
!function(d,l){"use strict";l.querySelector&&d.addEventListener&&"undefined"!=typeof URL&&(d.wp=d.wp||{},d.wp.receiveEmbedMessage||(d.wp.receiveEmbedMessage=function(e){var t=e.data;if((t||t.secret||t.message||t.value)&&!/[^a-zA-Z0-9]/.test(t.secret)){for(var s,r,n,a=l.querySelectorAll('iframe[data-secret="'+t.secret+'"]'),o=l.querySelectorAll('blockquote[data-secret="'+t.secret+'"]'),c=new RegExp("^https?:$","i"),i=0;i<o.length;i++)o[i].style.display="none";for(i=0;i<a.length;i++)s=a[i],e.source===s.contentWindow&&(s.removeAttribute("style"),"height"===t.message?(1e3<(r=parseInt(t.value,10))?r=1e3:~~r<200&&(r=200),s.height=r):"link"===t.message&&(r=new URL(s.getAttribute("src")),n=new URL(t.value),c.test(n.protocol))&&n.host===r.host&&l.activeElement===s&&(d.top.location.href=t.value))}},d.addEventListener("message",d.wp.receiveEmbedMessage,!1),l.addEventListener("DOMContentLoaded",function(){for(var e,t,s=l.querySelectorAll("iframe.wp-embedded-content"),r=0;r<s.length;r++)(t=(e=s[r]).getAttribute("data-secret"))||(t=Math.random().toString(36).substring(2,12),e.src+="#?secret="+t,e.setAttribute("data-secret",t)),e.contentWindow.postMessage({message:"ready",secret:t},"*")},!1)))}(window,document);
//# sourceURL=https://feminissima.de/wp-includes/js/wp-embed.min.js
</script>

du weißt genau, wo du warst&#8230; in jenem Sommer.. Wir als Teenager mit Familie an der Costa Brava. Von einer Sekunde auf die andere erstarb unser Lachen. Drehten wir das Transsitorradio auf leise. 1961 bleibt. Nichts verblichen. Nichts verblasst. Doch mit dem Abstand wächst für andere die Verklärung&#8230; Bau der MAUER &#8230; Trennung&#8230; Sonntag schon&hellip; Ohne Titel weiterlesen
