{"version":"1.0","provider_name":"Feminissima","provider_url":"https:\/\/feminissima.de","author_name":"admin","author_url":"https:\/\/feminissima.de\/index.php\/author\/admin\/","title":"VERDI & ATTAC contra LIDL - Feminissima","type":"rich","width":600,"height":338,"html":"<blockquote class=\"wp-embedded-content\" data-secret=\"ENvDqqj2j3\"><a href=\"https:\/\/feminissima.de\/index.php\/2006\/04\/06\/verdi-attac-contra-lidl\/\">VERDI &#038; ATTAC contra  LIDL<\/a><\/blockquote><iframe sandbox=\"allow-scripts\" security=\"restricted\" src=\"https:\/\/feminissima.de\/index.php\/2006\/04\/06\/verdi-attac-contra-lidl\/embed\/#?secret=ENvDqqj2j3\" width=\"600\" height=\"338\" title=\"&#8222;VERDI &#038; ATTAC contra  LIDL&#8220; &#8211; Feminissima\" data-secret=\"ENvDqqj2j3\" frameborder=\"0\" marginwidth=\"0\" marginheight=\"0\" scrolling=\"no\" class=\"wp-embedded-content\"><\/iframe><script>\n\/*! This file is auto-generated *\/\n!function(d,l){\"use strict\";l.querySelector&&d.addEventListener&&\"undefined\"!=typeof URL&&(d.wp=d.wp||{},d.wp.receiveEmbedMessage||(d.wp.receiveEmbedMessage=function(e){var t=e.data;if((t||t.secret||t.message||t.value)&&!\/[^a-zA-Z0-9]\/.test(t.secret)){for(var s,r,n,a=l.querySelectorAll('iframe[data-secret=\"'+t.secret+'\"]'),o=l.querySelectorAll('blockquote[data-secret=\"'+t.secret+'\"]'),c=new RegExp(\"^https?:$\",\"i\"),i=0;i<o.length;i++)o[i].style.display=\"none\";for(i=0;i<a.length;i++)s=a[i],e.source===s.contentWindow&&(s.removeAttribute(\"style\"),\"height\"===t.message?(1e3<(r=parseInt(t.value,10))?r=1e3:~~r<200&&(r=200),s.height=r):\"link\"===t.message&&(r=new URL(s.getAttribute(\"src\")),n=new URL(t.value),c.test(n.protocol))&&n.host===r.host&&l.activeElement===s&&(d.top.location.href=t.value))}},d.addEventListener(\"message\",d.wp.receiveEmbedMessage,!1),l.addEventListener(\"DOMContentLoaded\",function(){for(var e,t,s=l.querySelectorAll(\"iframe.wp-embedded-content\"),r=0;r<s.length;r++)(t=(e=s[r]).getAttribute(\"data-secret\"))||(t=Math.random().toString(36).substring(2,12),e.src+=\"#?secret=\"+t,e.setAttribute(\"data-secret\",t)),e.contentWindow.postMessage({message:\"ready\",secret:t},\"*\")},!1)))}(window,document);\n\/\/# sourceURL=https:\/\/feminissima.de\/wp-includes\/js\/wp-embed.min.js\n<\/script>\n","description":"Quellen - GMX, ddp, Manager Magazin.  Lest auch FEMs eigene Texte \u00fcber und zu LIDL in fem& Wirtschaft und oder auch Fem&Politik.  Etwa auch den Artikel \u00fcber eine Journalistin, die im Schw\u00e4bischen von ihrer Lokalzeitung gefeuert wurde, als sie \u00fcber die schlechten Arbeitsbedingungen bei LIDL geschrieben hatte.. (Wir suchen den Text sp\u00e4ter heraus, falls Ihr ihn nicht findet)."}

Quellen - GMX, ddp, Manager Magazin.  Lest auch FEMs eigene Texte über und zu LIDL in fem& Wirtschaft und oder auch Fem&Politik.  Etwa auch den Artikel über eine Journalistin, die im Schwäbischen von ihrer Lokalzeitung gefeuert wurde, als sie über die schlechten Arbeitsbedingungen bei LIDL geschrieben hatte.. (Wir suchen den Text später heraus, falls Ihr ihn nicht findet).
