{"version":"1.0","provider_name":"Feminissima","provider_url":"https:\/\/feminissima.de","author_name":"admin","author_url":"https:\/\/feminissima.de\/index.php\/author\/admin\/","title":"IFEX - International Freedom of Expression -Journal - Feminissima","type":"rich","width":600,"height":338,"html":"<blockquote class=\"wp-embedded-content\" data-secret=\"uuO1Cp9odC\"><a href=\"https:\/\/feminissima.de\/index.php\/2006\/01\/11\/ifex-international-freedom-of-expression-journal\/\">IFEX &#8211; International Freedom of Expression -Journal<\/a><\/blockquote><iframe sandbox=\"allow-scripts\" security=\"restricted\" src=\"https:\/\/feminissima.de\/index.php\/2006\/01\/11\/ifex-international-freedom-of-expression-journal\/embed\/#?secret=uuO1Cp9odC\" width=\"600\" height=\"338\" title=\"&#8222;IFEX &#8211; International Freedom of Expression -Journal&#8220; &#8211; Feminissima\" data-secret=\"uuO1Cp9odC\" frameborder=\"0\" marginwidth=\"0\" marginheight=\"0\" scrolling=\"no\" class=\"wp-embedded-content\"><\/iframe><script>\n\/*! This file is auto-generated *\/\n!function(d,l){\"use strict\";l.querySelector&&d.addEventListener&&\"undefined\"!=typeof URL&&(d.wp=d.wp||{},d.wp.receiveEmbedMessage||(d.wp.receiveEmbedMessage=function(e){var t=e.data;if((t||t.secret||t.message||t.value)&&!\/[^a-zA-Z0-9]\/.test(t.secret)){for(var s,r,n,a=l.querySelectorAll('iframe[data-secret=\"'+t.secret+'\"]'),o=l.querySelectorAll('blockquote[data-secret=\"'+t.secret+'\"]'),c=new RegExp(\"^https?:$\",\"i\"),i=0;i<o.length;i++)o[i].style.display=\"none\";for(i=0;i<a.length;i++)s=a[i],e.source===s.contentWindow&&(s.removeAttribute(\"style\"),\"height\"===t.message?(1e3<(r=parseInt(t.value,10))?r=1e3:~~r<200&&(r=200),s.height=r):\"link\"===t.message&&(r=new URL(s.getAttribute(\"src\")),n=new URL(t.value),c.test(n.protocol))&&n.host===r.host&&l.activeElement===s&&(d.top.location.href=t.value))}},d.addEventListener(\"message\",d.wp.receiveEmbedMessage,!1),l.addEventListener(\"DOMContentLoaded\",function(){for(var e,t,s=l.querySelectorAll(\"iframe.wp-embedded-content\"),r=0;r<s.length;r++)(t=(e=s[r]).getAttribute(\"data-secret\"))||(t=Math.random().toString(36).substring(2,12),e.src+=\"#?secret=\"+t,e.setAttribute(\"data-secret\",t)),e.contentWindow.postMessage({message:\"ready\",secret:t},\"*\")},!1)))}(window,document);\n\/\/# sourceURL=https:\/\/feminissima.de\/wp-includes\/js\/wp-embed.min.js\n<\/script>\n","description":"FREE-EXPRESSION SPOTLIGHT  1. BANGLADESH: ISLAMIC MILITANTS TARGET  Hier wieder ein Blick in jene Welten, von denen wir allgemein au\u00dfer in den Auslandsjournalen...wenig erfahren...: Pressefreiheit bzw. Nicht-Pressefreiheit in Afrika, S\u00fcdostasien und more...n\u00fctzliche web-sites, Adressen - schaut rein!   JOURNALISTS  In Bangladesh, widely considered one of the most dangerous countries in the world for the press, 2005 was a year in which Islamic militants increasingly targeted journalists, say Media Watch, Reporters Without Borders (Reporters sans fronti\u00e8res, RSF), the Committee to Protect Journalists (CPJ) and the International Federation of Journalists (IFJ)."}

FREE-EXPRESSION SPOTLIGHT  1. BANGLADESH: ISLAMIC MILITANTS TARGET  Hier wieder ein Blick in jene Welten, von denen wir allgemein außer in den Auslandsjournalen...wenig erfahren...: Pressefreiheit bzw. Nicht-Pressefreiheit in Afrika, Südostasien und more...nützliche web-sites, Adressen - schaut rein!   JOURNALISTS  In Bangladesh, widely considered one of the most dangerous countries in the world for the press, 2005 was a year in which Islamic militants increasingly targeted journalists, say Media Watch, Reporters Without Borders (Reporters sans frontières, RSF), the Committee to Protect Journalists (CPJ) and the International Federation of Journalists (IFJ).
