{"version":"1.0","provider_name":"Feminissima","provider_url":"https:\/\/feminissima.de","author_name":"admin","author_url":"https:\/\/feminissima.de\/index.php\/author\/admin\/","title":"Mord an Kurdin, endlich in der Weltpresse - Feminissima","type":"rich","width":600,"height":338,"html":"<blockquote class=\"wp-embedded-content\" data-secret=\"k4H4YFPGnz\"><a href=\"https:\/\/feminissima.de\/index.php\/2005\/02\/20\/mord-an-kurdin-endlich-in-der-weltpresse\/\">Mord an Kurdin, endlich in der Weltpresse<\/a><\/blockquote><iframe sandbox=\"allow-scripts\" security=\"restricted\" src=\"https:\/\/feminissima.de\/index.php\/2005\/02\/20\/mord-an-kurdin-endlich-in-der-weltpresse\/embed\/#?secret=k4H4YFPGnz\" width=\"600\" height=\"338\" title=\"&#8222;Mord an Kurdin, endlich in der Weltpresse&#8220; &#8211; Feminissima\" data-secret=\"k4H4YFPGnz\" frameborder=\"0\" marginwidth=\"0\" marginheight=\"0\" scrolling=\"no\" class=\"wp-embedded-content\"><\/iframe><script>\n\/*! This file is auto-generated *\/\n!function(d,l){\"use strict\";l.querySelector&&d.addEventListener&&\"undefined\"!=typeof URL&&(d.wp=d.wp||{},d.wp.receiveEmbedMessage||(d.wp.receiveEmbedMessage=function(e){var t=e.data;if((t||t.secret||t.message||t.value)&&!\/[^a-zA-Z0-9]\/.test(t.secret)){for(var s,r,n,a=l.querySelectorAll('iframe[data-secret=\"'+t.secret+'\"]'),o=l.querySelectorAll('blockquote[data-secret=\"'+t.secret+'\"]'),c=new RegExp(\"^https?:$\",\"i\"),i=0;i<o.length;i++)o[i].style.display=\"none\";for(i=0;i<a.length;i++)s=a[i],e.source===s.contentWindow&&(s.removeAttribute(\"style\"),\"height\"===t.message?(1e3<(r=parseInt(t.value,10))?r=1e3:~~r<200&&(r=200),s.height=r):\"link\"===t.message&&(r=new URL(s.getAttribute(\"src\")),n=new URL(t.value),c.test(n.protocol))&&n.host===r.host&&l.activeElement===s&&(d.top.location.href=t.value))}},d.addEventListener(\"message\",d.wp.receiveEmbedMessage,!1),l.addEventListener(\"DOMContentLoaded\",function(){for(var e,t,s=l.querySelectorAll(\"iframe.wp-embedded-content\"),r=0;r<s.length;r++)(t=(e=s[r]).getAttribute(\"data-secret\"))||(t=Math.random().toString(36).substring(2,12),e.src+=\"#?secret=\"+t,e.setAttribute(\"data-secret\",t)),e.contentWindow.postMessage({message:\"ready\",secret:t},\"*\")},!1)))}(window,document);\n\/\/# sourceURL=https:\/\/feminissima.de\/wp-includes\/js\/wp-embed.min.js\n<\/script>\n","description":"Am 7. Februar 05 wurde die junge Kurdin auf offener Stra\u00dfe erschossen, in Berlin, spiegel-online reagiert erst gestern, durch eine Presse-Konferenz aufgeschreckt:   Kein Wunder, da\u00df rund 80% der Deutschen nach Zeitschriftenumfragen die T\u00fcrkei NICHT in der EU haben wollen - jeder sogenannte \"EhrenMord\" l\u00e4sst eine Ablehnung wachsen, die \"so\" vor rund 20 Jahren \u00fcberhaupt nicht existierte.  Die Frage, die es wert w\u00e4re, untersucht zu werden- WANN und mit WEM kehrte der so krass-m\u00f6rderische absolut-frauenfeindliche ISLAMISMUS nach Deutschland ein..?? Oder war es \"fr\u00fcher\" auch nicht besser und wir haben es blo\u00df nicht so gemerkt...?? HIER der Artikel von spiegel-online, unser PRESSE-SPIEGEL heute, zur Ermordung von Hatin ...in einigen Presse-Artikel hei\u00dft sie Hatun...wir erfahren es vielleicht am kommenden Dienstag, wie sie wirklich hei\u00dft, bei der TRAUERFEIER internationaler FRAUENGRUPPEN zu Ehren von Hatin oder Hatun....  Der Artikel fasst die aktuellen Trends zusammen. Ein sehr gut geschriebener Artikel, finden wir, daher - f\u00fcr Euch gesammelt...:"}

Am 7. Februar 05 wurde die junge Kurdin auf offener Straße erschossen, in Berlin, spiegel-online reagiert erst gestern, durch eine Presse-Konferenz aufgeschreckt:   Kein Wunder, daß rund 80% der Deutschen nach Zeitschriftenumfragen die Türkei NICHT in der EU haben wollen - jeder sogenannte "EhrenMord" lässt eine Ablehnung wachsen, die "so" vor rund 20 Jahren überhaupt nicht existierte.  Die Frage, die es wert wäre, untersucht zu werden- WANN und mit WEM kehrte der so krass-mörderische absolut-frauenfeindliche ISLAMISMUS nach Deutschland ein..?? Oder war es "früher" auch nicht besser und wir haben es bloß nicht so gemerkt...?? HIER der Artikel von spiegel-online, unser PRESSE-SPIEGEL heute, zur Ermordung von Hatin ...in einigen Presse-Artikel heißt sie Hatun...wir erfahren es vielleicht am kommenden Dienstag, wie sie wirklich heißt, bei der TRAUERFEIER internationaler FRAUENGRUPPEN zu Ehren von Hatin oder Hatun....  Der Artikel fasst die aktuellen Trends zusammen. Ein sehr gut geschriebener Artikel, finden wir, daher - für Euch gesammelt...:
